. Suppose b + 766 = 19*r. List the prime factors of r.
3, 7
Let c(i) = -i + 0*i**2 + 3*i**2 + i**2 + 1 - i**2. Let n be c(1). What are the prime factors of n*3/9*7?
7
Let y = -5 + 8. Suppose 478 = y*b + 5*k, -k = -1 + 5. What are the prime factors of b?
2, 83
Let o = -4 - -4. Let n(x) = -x**3 + 2*x + 92. List the prime factors of n(o).
2, 23
Let k(a) = 1. Let g(z) = -20*z - 42. Let t(y) = g(y) + 4*k(y). List the prime factors of t(-14).
2, 11
Suppose 0*i - 2*i + 4 = 0. Let a(d) = -d - 2*d + d - 6 + i*d**2 + d. List the prime factors of a(-5).
7
Suppose -2*k - 36 = -4*u, 4*k - 3*k = -5*u + 59. Suppose 0 = a - u - 7. What are the prime factors of a?
2, 3
Let i(s) = 2658*s**3 - 6*s**2 - 3*s + 10. What are the prime factors of i(1)?
2659
List the prime factors of 84/(-189)*(-1 + -4112).
2, 457
Suppose 4*x - 1 = 5*z + 7, 0 = 3*x + 5*z + 29. Let a(q) = -12*q - 2. What are the prime factors of a(x)?
2, 17
Let h be (1 - -1)/4*14. Let a(u) = -u**3 + 8*u**2 - 6*u - 4. Let y be a(h). Suppose g + 78 = 5*f - y*g, -5*f - g + 93 = 0. What are the prime factors of f?
2, 3
Let k(i) = -i**3 - 2*i**2 + 3*i + 3. Let y be k(-3). Let c = 8 - y. Suppose -c*m = -14 - 16. List the prime factors of m.
2, 3
Suppose -42*t + 15*t = -19224. List the prime factors of t.
2, 89
Suppose -15*g = -8*g - 42. Suppose 4*s - 2*r - 140 = 0, g*s - 4*s - 4*r = 70. What are the prime factors of s?
5, 7
Suppose -3*j + 1190 = -n - 527, 0 = 4*j - 2*n - 2290. List the prime factors of j.
2, 11, 13
Suppose -24*z + 12087 + 18681 = 0. What are the prime factors of z?
2, 641
Let d = 1334 + -664. List the prime factors of d.
2, 5, 67
Suppose -15*c + 55239 = -27441. List the prime factors of c.
2, 13, 53
Let l = -150 - -155. Suppose 2*a + 104 = 6*a + n, 0 = -l*a - 3*n + 137. List the prime factors of a.
5
Let m(i) = 1. Let r(z) = 4*z + 4. Let j(x) = 4*m(x) + r(x). Let g be j(4). What are the prime factors of g + -4 - -3 - 4?
19
Suppose -5*l - 5*w - 208 = -6*l, -4*l + 4*w = -896. What are the prime factors of l?
2, 3, 19
List the prime factors of 7/(-21)*(-1011 + 9).
2, 167
Let s = -205 + 389. Suppose -s = -2*n - 2*n. List the prime factors of n.
2, 23
Let n = -161 - -304. Let d = 165 - n. What are the prime factors of d?
2, 11
What are the prime factors of 10/65 - (-1454)/13?
2, 7
Let k(g) = -g**3 - 5*g**2 - 6*g - 16. Let u(w) = -7*w. Let r be u(1). List the prime factors of k(r).
2, 31
Let t(b) = -3*b**2 + 10*b - 1. Let i be t(4). What are the prime factors of (-75)/i - 2/6?
2
Suppose -147 - 697 = -i. What are the prime factors of i?
2, 211
Let t = 112 - -423. List the prime factors of t.
5, 107
Suppose -21 = 3*m - 2*a - 220, 0 = 3*m - 4*a - 197. List the prime factors of m.
67
Suppose 2 = 2*c - 4. Let h(p) = -p**2 + 1 + 9*p - c + 13 - 2*p. What are the prime factors of h(8)?
3
Let v = 59 + -46. Suppose 3*u + t - 23 = -7, -3*t + v = 4*u. List the prime factors of u.
7
Let p(d) = 16*d + 41. Let n be p(-6). Let z = n - -87. List the prime factors of z.
2
Let b = -823 - -1304. What are the prime factors of b?
13, 37
Let b(g) = -9*g - 8. Let h be b(-2). Suppose -2*v + h*v = 232. What are the prime factors of v?
29
Suppose 7 = 3*p + 34. Let u(n) = n**3 + 9*n**2 - 4*n - 21. List the prime factors of u(p).
3, 5
Let r(s) = 3*s**2 + 3*s. Suppose -2*t - 4 = -0. Let y be r(t). Let i(o) = 2*o**2 - 6*o - 6. List the prime factors of i(y).
2, 3, 5
Let u(m) = -m - 9. Let b be u(-9). Suppose -2*o - 3*x = -2*x - 304, b = -2*o + 5*x + 316. What are the prime factors of o?
3, 17
Suppose 3*f + 3990 = 4*u - 8819, -5*u = 2*f - 16017. List the prime factors of u.
3203
Let k(x) = 2*x**2 - 9*x - 37. List the prime factors of k(24).
29, 31
Let f(j) = j**3 + 7*j**2 - 6*j + 16. Suppose -p - 22 + 14 = 0. Let z be f(p). Suppose l - 28 - 23 = z. What are the prime factors of l?
3, 17
Suppose -4*x = -5*f + 3432, 0 = -2*f - 2*x - 3*x + 1386. What are the prime factors of f?
2, 43
Let j(a) be the first derivative of a**2 + 16*a - 9. Suppose -t + 12 = -3*v - 1, 5*t - 65 = 2*v. List the prime factors of j(t).
2, 3, 7
Suppose -27315 - 1755 = -18*d. What are the prime factors of d?
5, 17, 19
Let t(m) = -27*m - 35. Let j be t(7). Let n = -93 - j. List the prime factors of n.
131
Let g = -693 - -1205. What are the prime factors of g?
2
List the prime factors of (2 + -2)/1 - -2479.
37, 67
Suppose -4*h - 12 = 0, 734 = l + h + 52. List the prime factors of l.
5, 137
Let p = -7 + 19. Let j(h) = -h**3 + 14*h**2 - 14*h - 14. List the prime factors of j(p).
2, 53
Let x(h) = -2*h**2 + 24*h - 12. Let p be x(11). Let d = 3 - 1. Suppose k + 3 = 2*a - 2*k, 4*a - d*k = p. List the prime factors of a.
3
List the prime factors of 19488/(13 - 7) + 0.
2, 7, 29
Let c(u) be the second derivative of u**3/3 - 6*u**2 + u. Let a be c(9). Suppose 3*z = a*z - h - 67, 3*z - 61 = -5*h. What are the prime factors of z?
2, 11
Suppose 251*r - 237*r = 10920. What are the prime factors of r?
2, 3, 5, 13
Let a = 22 + -19. What are the prime factors of 119 + 3 + a/(-1)?
7, 17
Let y = 1091 + -20. List the prime factors of y.
3, 7, 17
Let k(s) = -16*s - 1. Let m(a) = 6 - 2*a + a + 0*a. Let w be m(8). List the prime factors of k(w).
31
Suppose -4155 + 1263 = -6*l. List the prime factors of l.
2, 241
Suppose 5*z + 0*z + 5*p = 2470, -p - 982 = -2*z. List the prime factors of z.
2, 3, 41
Let m(p) = p + 1. Let f be m(1). Suppose f*o = 7*o - 20. Suppose -o*r + 32 = 3*s, 0*r + 4*r = 5*s + 32. List the prime factors of r.
2
Let m be (-2)/7 - 16/(-7). Let d be (-1 + 5/m)*2. Let a(g) = 2*g**2 - g + 4. List the prime factors of a(d).
19
Suppose 4*z = y - 13, 3*z + y + 21 = 4*y. List the prime factors of (-477*1)/(z/4*3).
2, 3, 53
Suppose -3*g + 12 = -0*g. Suppose -5*x = g*z - 25, 2*x + 2*z - 6*z = 10. Let b(n) = n + 10. List the prime factors of b(x).
3, 5
Let p = 17 + -13. What are the prime factors of 6/(1/(2/p))?
3
Let s = 86 + -124. Let b = 45 + s. Suppose -3*w = -b*w + 324. List the prime factors of w.
3
Let d = -229 + 489. Suppose -5*o - 2*s + 64 = -d, 0 = s - 2. What are the prime factors of o?
2
Let d(w) be the third derivative of -w**7/720 - w**6/120 + w**5/20 + w**2. Let v(x) be the third derivative of d(x). List the prime factors of v(-4).
2, 11
Suppose 5*f = 2*x - 5135, -4*x + 2459 + 7797 = 4*f. What are the prime factors of x?
3, 5, 19
Suppose -10*o + 156 = -13*o. Let u = o - -245. What are the prime factors of u?
193
Let z(n) be the second derivative of -n**3/3 + 12*n**2 + 4*n. Let p be z(12). What are the prime factors of -26*(p + 1 + -2)?
2, 13
Let y(q) = 2*q**2 - 8*q - 15. Let x = 27 - 33. What are the prime factors of y(x)?
3, 5, 7
List the prime factors of (-80046)/(-90) - (-1 - 7/(-5)).
7, 127
Suppose 37*h = 44*h - 77. List the prime factors of h.
11
Let k = -6 + 10. Suppose -k*r + 8 = -0*r, -4*s + 3*r = -6. What are the prime factors of 9/(0 + s - 2)?
3
Let l(n) = -168*n**3 - 11*n**2 - 28*n + 3. List the prime factors of l(-3).
2, 3, 13, 29
Suppose -10 = 3*h + 2*h. Let l be (6 - h - 2) + -1. Suppose 3*p + 5*x = 73, 0*p = -2*p + l*x + 32. List the prime factors of p.
3, 7
Suppose 4*o + 20 = -r + 3, o - 5*r - 1 = 0. Suppose -4*d = 5*m - 127, -d + 32 = m + 6. Let v = m - o. What are the prime factors of v?
3
Let d(x) = 10*x - 2. Suppose -28 = -4*q + 8. Suppose -q*c + 21 = -6*c. List the prime factors of d(c).
2, 17
Let k(u) = 5*u**2 - 7*u + 4. Suppose -3*j = -52 + 16. Suppose 5*r = 3 + j. What are the prime factors of k(r)?
2, 7
Let j = -26 - -26. Let h(z) be the third derivative of -z**4/8 + 23*z**3/3 + 9*z**2. What are the prime factors of h(j)?
2, 23
Suppose -21 + 1 = -4*q. Let s = -2 - -3. Suppose -2*r - s = -q. List the prime factors of r.
2
Let c = -17 - -11. Suppose -12 + 0 = t. What are the prime factors of c/8 - 201/t?
2
Let l(k) = -91*k - 124. List the prime factors of l(-13).
3, 353
Let g = -5 - -8. Let h = -15 - -18. Suppose h*a = -g, -4*p - 5*a = -66 - 1. List the prime factors of p.
2, 3
Let g(l) = l**3 + 12*l**2 - 3*l + 6. Let f be g(-11). Suppose -5*n = -9*n + f. Suppose 4*s - n = 2*s. List the prime factors of s.
2, 5
Suppose -4*t + 5*l + 25 = 0, 2*l = -4*t + 1 + 17. Let w be 265/(-25) + 3/t. List the prime factors of (12 + 3)/((-2)/w).
3, 5
Let r(n) = -n**2. Suppose -2*z - 2 = 2. Let b be r(z). List the prime factors of b - -4 - (2 - 10).
2